ainder when c is divided by 18?
14
Let v = -8 + 23. Let k = 47 - v. Calculate the remainder when k is divided by 17.
15
Let w = -99 - -186. What is the remainder when w is divided by 44?
43
Suppose 0 = u + 4*u. Suppose 2*c - r = r, u = -3*c + 2*r + 4. What is the remainder when c is divided by 2?
0
Let c be (0*(-4)/(-8))/2. Suppose -5*t + 107 - 17 = c. Calculate the remainder when 53 is divided by t.
17
Let y = 27 + -27. What is the remainder when (27 - 4 - y)*1 is divided by 6?
5
Suppose 0 = -c - 5, 3*d = d + 4*c + 14. Calculate the remainder when (-2 - -26) + d/3 is divided by 8.
7
Let t(g) = -g**3 - 6*g**2 - g + 6. Let z be (-1 + 0)/(2/(-14)). Suppose -136 = 3*x - z*x. Calculate the remainder when x is divided by t(-6).
10
Suppose -h = -3*w + w - 5, 3*w + 4 = -2*h. Let n be 6 + h/(-1) + -3. What is the remainder when 45 is divided by ((-29)/(-2) + -3)*n?
22
Let l = 20 - -5. What is the remainder when l is divided by 14?
11
Calculate the remainder when 3 is divided by (((-8)/(-4))/2)/1.
0
Let f(q) = 9*q**2 - q. Let s = 15 - 5. Calculate the remainder when f(-2) is divided by s.
8
Let f be (-12)/(-8)*(0 - 2). Let v = 1 - f. Suppose -22 = -v*h - 5*p, 3*h - 4*h = -3*p - 14. What is the remainder when 23 is divided by h?
7
Let r(t) = -4*t - 2. What is the remainder when 49 is divided by r(-7)?
23
Let f = -39 - -58. What is the remainder when 35 is divided by f?
16
Suppose -10 = -2*y, -y + 2 = -u + 4. Let h = 16 + u. What is the remainder when 45 is divided by h?
22
Suppose 5*b - 22 = -2*d - d, 4*b + 12 = 5*d. Suppose t - 12 = -2*t, d*v + t - 104 = 0. What is the remainder when v is divided by 1 - (2 - 1) - -13?
12
Let g be (2 - 2)/(-2 + 0). Let y = 3 - g. What is the remainder when 6 is divided by y?
0
Let x = 61 - 30. What is the remainder when x is divided by 11?
9
Let s be 7/(1 + (-20)/24). Let n = 75 - s. What is the remainder when n is divided by 17?
16
Let k(a) = 7*a - 93. Calculate the remainder when 45 is divided by k(14).
0
Suppose 0*t + t - 21 = 0. What is the remainder when t is divided by 8?
5
Let a(l) = l**3 + 4*l**2 + l + 5. What is the remainder when 3 is divided by a(-4)?
0
Let j = 11 + -8. Suppose -5*c = 5*u - 205, -2*u - 8*c + j*c = -85. Calculate the remainder when u is divided by 14.
12
Let a(f) = -3*f - 9. Let u(m) = -5*m - 17. Let n(z) = 7*a(z) - 4*u(z). Let b = -64 - -72. What is the remainder when b is divided by n(0)?
3
Let c(p) = p**2 - p - 1. Let i = -11 - -19. Suppose l = -i + 51. Calculate the remainder when l is divided by c(4).
10
Suppose 0 = 2*o - 3*o + 13. Calculate the remainder when 49 is divided by o.
10
Let i = -36 - -62. What is the remainder when i is divided by 15?
11
Let w(g) = -g**3 + 7*g**2 - 4*g - 2. Calculate the remainder when (5220/9)/10 - (1 - -2) is divided by w(5).
27
Suppose -395 = -2*i - 3*i. Suppose 0 = 4*x + 5*c + 77, 42 = -5*x + 2*c - i. Let p = -6 - x. Calculate the remainder when p is divided by 9.
8
Let f be -1 + -3 + (0 - -81). Let c = -8 + f. Suppose -o - 92 = -4*q, 0*q + c = 3*q - 2*o. Calculate the remainder when q is divided by 13.
10
Calculate the remainder when 34 is divided by (3 + 20/(-8))/((-3)/(-36)).
4
Let g be (-5)/6*(-11 + 5). Suppose 0*m - 80 = -g*m. Suppose -18 = -5*u + 27. Calculate the remainder when m is divided by u.
7
Let h(s) = 2*s + 25. Calculate the remainder when h(0) is divided by 13.
12
Let v = -5 - -7. Calculate the remainder when 11 is divided by v.
1
Suppose -4*p - 9 = -7*p. Let u be 3/(-6)*(15 - 1). What is the remainder when u/(-1)*(1 + 0) is divided by p?
1
Let r(q) = q**3 + 5*q**2 - 5*q - 6. Suppose -5*y + 15 = 40. Calculate the remainder when 55 is divided by r(y).
17
Suppose k + 26 = 19. Let m(l) = l**3 + 7*l**2 - 2*l. Calculate the remainder when 40 is divided by m(k).
12
Suppose -6*i + 3*i + 12 = 0. Suppose 3*j = -0*j + 63. Let f = j + i. What is the remainder when f is divided by 7?
4
Let m(n) = -n + 8. Let d be 18*(0/(-3) + -1). Let q = d - -26. What is the remainder when q is divided by m(5)?
2
Suppose 4*q - 498 = -2*l, 6*l + 503 = 4*q + 3*l. Suppose 5*m - q + 5 = 0. Let s = m + -14. Calculate the remainder when s is divided by 4.
2
Let o(t) = t**2 + 9*t - 4. What is the remainder when o(-12) is divided by 9?
5
Let i(q) = -2*q**3 + 12 + 4*q + 6*q + 3*q**3 + 2*q**2 + 8*q**2. What is the remainder when i(-9) is divided by 3?
0
Let i(q) = -9*q**3 + 6*q**2 + 5*q - 6. Let s(w) = -8*w**3 + 5*w**2 + 4*w - 5. Let f(a) = 4*i(a) - 5*s(a). What is the remainder when f(2) is divided by 10?
9
Let h(v) = -6*v**2 + v**3 - 8*v - v**2 + 4 + 11*v**2 - 6*v**2. Calculate the remainder when 16 is divided by h(4).
0
Let u = -1 - -7. What is the remainder when 39 is divided by u?
3
Suppose 9 = 4*j - 3*j. What is the remainder when (1*52)/2 + -1 is divided by j?
7
Suppose -55 = 4*p - 9*p. Let d = -4 + p. Calculate the remainder when 11 is divided by d.
4
Suppose -4*k = 2*x - 34, 5*x + 0*k = -k + 85. What is the remainder when x is divided by (21/(-28))/(3/(-36))?
8
Let i = 27 - 14. Suppose k + 0 = i. Suppose 0 = t - 2*u - 2*u - k, 0 = -2*u + 4. Calculate the remainder when t is divided by 11.
10
Suppose -3*l + t = -17, 13 + 7 = -4*t. Let w = 4 + l. Let k(c) = 4*c**2 - 1. Calculate the remainder when w is divided by k(1).
2
Let t = -10 + 15. Suppose -t*q - 2*j + 97 + 8 = 0, 0 = 5*q + j - 100. What is the remainder when q is divided by 3*1 - (-1 + -3)?
5
Suppose -9 + 63 = 6*r. Calculate the remainder when r is divided by 6.
3
Let f = 6 - -6. Suppose 0 = 2*t + f - 32. Calculate the remainder when t is divided by 4.
2
Let b(a) = 6*a + 38. Suppose -6*x - 10 = -x, 0 = 2*d - 3*x - 48. What is the remainder when d is divided by b(-5)?
5
Let q be (2/2)/(1/(-14)). Let w = -10 - q. Suppose -5*x = -2*r - 2*r + 12, -5*r + 3*x = -15. What is the remainder when w is divided by r?
1
Let c = 122 - 77. Suppose -c = -4*h - 1. Let j(g) = -g**3 + 7*g**2 - 5*g - 4. What is the remainder when j(5) is divided by h?
10
Let j(v) = v**2 - 13*v + 18. What is the remainder when j(12) is divided by ((-10)/(-6))/((-18)/(-54))?
1
Let b = 28 - 12. Suppose o + 2*v = v + 6, -4*o - 2*v = -b. Suppose 0 = -0*l - o*l + 64. What is the remainder when l is divided by 11?
10
Suppose -2*i - 4*i + 24 = 0. Calculate the remainder when 390/45*6/i is divided by 5.
3
Let r(w) = 24*w - 1. Let h(g) = -4*g + 6. Let p be h(-5). Let y = p - 14. Calculate the remainder when r(1) is divided by y.
11
Let i = -36 + 91. What is the remainder when i is divided by 8?
7
What is the remainder when ((-57)/(-2))/(18/24) is divided by (-7)/(-3)*36/6?
10
Suppose -37 = 3*g - 79. Calculate the remainder when 123 is divided by g.
11
Suppose -y = 2*s - 26, -2*s = 5*y + 23 - 137. Suppose h - y = -0*h. Suppose h = f + f. What is the remainder when f is divided by 6?
5
What is the remainder when 1/2 - 74/(-4) is divided by 7?
5
Let a = 105 - 64. Calculate the remainder when a is divided by 14.
13
Let s = -14 - -15. Suppose 5*i = -2*v + 1 - 0, -4*i - 4*v - 4 = 0. Let q = s + i. What is the remainder when q is divided by 1?
0
Let k be 10/35 - 12/(-7). Suppose k*l + l - 18 = 0. What is the remainder when 17 is divided by l?
5
Calculate the remainder when 11 is divided by (-104)/(-24) - (-1)/(-3).
3
Let b(u) = 4*u - 7. What is the remainder when b(3) is divided by 1?
0
Let s = 44 + -37. Calculate the remainder when 83 is divided by s.
6
Suppose 7 = b + 3. Suppose 0 = 5*q - b*q - 38. Calculate the remainder when q is divided by 13.
12
Suppose 3*v - 19 = -6*g + g, 2*g = v + 1. Suppose 0 = -2*y - 4*x + 72, -3*y - 66 = -5*y - g*x. What is the remainder when y is divided by 16?
14
Suppose -3*k = -122 - 61. Let i = -9 + k. Let g(z) = 5*z - 2. Calculate the remainder when i is divided by g(4).
16
Let p = 25 - 3. Let f = -48 + 54. Calculate the remainder when p is divided by f.
4
What is the remainder when 32 is divided by 2*5/(40/44)?
10
Suppose -a = -10 - 8. Let f(k) = 2*k**3 - 4*k**2 + 6*k. Calculate the remainder when f(4) is divided by a.
16
Suppose -2*o - 3*g = 2*o + 32, -4*g - 21 = o. Let m = o - -7. Calculate the remainder when 4 is divided by m.
0
Let z(o) = -4*o**3 - 2*o - 2. Let b be z(-2). Let m = -13 + b. Let q = m - 12. Calculate the remainder when 25 is divided by q.
7
Suppose 0 = 4*a + 5*l - 192, 3*a = 4*l + 48 + 65. What is the remai